*2 - 223*s + 646. What is u(28)?
-110
Let a(o) = 6849*o + 2773832. What is a(-405)?
-13
Let n(x) = 2*x**2 + 15423*x + 31. What is n(0)?
31
Let j(u) = -827*u + 47018. Determine j(57).
-121
Let c(l) = -9*l**3 + 1571*l**2 - 869*l - 181. Give c(174).
-7
Let l(i) = i**3 + 25*i**2 + 31*i + 45. Calculate l(-9).
1062
Let v(r) = 340*r**3 - 30*r**2 + r + 5. Calculate v(-1).
-366
Let q(h) = h**3 + 70*h**2 - 24572. Calculate q(-64).
4
Let r(q) = -10328*q - 30987. What is r(-3)?
-3
Let h(k) = 18438*k + 165966. What is h(-9)?
24
Let d(j) = 62619*j - 4320709. Give d(69).
2
Let a(f) = -1085*f + 788. Determine a(1).
-297
Let a(c) = 155*c**3 + 32*c**2 - 10*c - 2. Determine a(-1).
-115
Let i(b) = 33527*b - 1877482. Give i(56).
30
Let g(r) = 3*r**3 + 300*r**2 - 929*r - 71. Give g(-103).
135
Let w(z) = -z**2 + 7116*z + 49837. What is w(-7)?
-24
Let b(h) = -1743*h + 25119. Give b(15).
-1026
Let y(g) = 1676*g + 871520. Determine y(-520).
0
Let k(f) = 11*f**2 - 12435*f - 163516. Determine k(-13).
-2
Let f(j) = 198*j - 22647. Determine f(114).
-75
Let b(r) = 5344*r - 171027. What is b(32)?
-19
Let c(f) = -5*f**2 - 43*f - 35. Calculate c(-6).
43
Let l(u) = 2*u**2 + 326*u - 206491. What is l(-413)?
9
Let c(i) = i**3 + 121*i**2 + 87*i - 3959. Calculate c(-120).
1
Let k(y) = 2330*y + 191063. Calculate k(-82).
3
Let l(j) = -j**3 - 44*j**2 - 45*j + 487. Give l(-42).
-1151
Let z(c) = 38*c**2 + 229*c + 25. Calculate z(-4).
-283
Let p(u) = 1742*u + 4941. Calculate p(-3).
-285
Let v(i) = 7*i**2 + 80*i - 27. Determine v(-9).
-180
Let s(k) = -1657*k + 69610. Calculate s(42).
16
Let h(i) = 93291*i + 1212749. Calculate h(-13).
-34
Let z(i) = -1125*i**2 - 259863*i + 2772. Give z(-231).
0
Let t(n) = -19*n**2 - 142*n + 110. Calculate t(-9).
-151
Let z(x) = -78340*x - 3211939. Give z(-41).
1
Let t(n) = -n**3 - 264*n**2 + 2725*n + 29. Give t(10).
-121
Let m(z) = -1089*z - 917. Calculate m(-1).
172
Let q(x) = -121*x**3 - 4*x**2 - 1668*x + 3346. Give q(2).
-974
Let c(m) = -11*m**2 + 2862*m + 23046. Give c(268).
-2
Let r(k) = 489*k**2 + 5862*k - 48. What is r(-12)?
24
Let h(u) = 707*u - 3357. What is h(4)?
-529
Let k(b) = b**3 + 16*b**2 - 458*b + 3396. Determine k(-33).
-3
Let z(l) = -l**3 - 110*l**2 - 153*l - 4790. Give z(-109).
6
Let d(v) = 10*v**2 + 2. Calculate d(1).
12
Let q(p) = -12*p**2 + 507*p + 1366. Calculate q(45).
-119
Let v(x) = 7113*x**2 - 21245*x + 2. What is v(3)?
284
Let q(o) = 347*o + 106525. Calculate q(-307).
-4
Let f(a) = 37527*a - 112615. What is f(3)?
-34
Let a(k) = -6*k**2 + 260*k + 1872. Give a(48).
528
Let p(i) = 2277*i + 2722. What is p(0)?
2722
Let d(b) = -102*b**2 - 282*b + 46. What is d(-4)?
-458
Let z(x) = -5*x - 399. Calculate z(70).
-749
Let s(o) = -o**3 - 351*o**2 - 23138*o + 1573. What is s(-263)?
-5
Let t(b) = 5*b**3 - 42*b**2 - 106*b - 34. Determine t(10).
-294
Let k(m) = 9976*m + 89778. What is k(-9)?
-6
Let h(t) = 13531*t + 121999. Calculate h(-9).
220
Let x(a) = 3491*a**3 - 27931*a**2 + 21*a + 33. Give x(8).
9
Let z(j) = 2*j**3 - 162*j**2 + 74*j + 6861. Determine z(80).
-19
Let c(h) = -h**2 + 382*h - 20945. Determine c(316).
-89
Let f(z) = 74*z**2 - 3317*z - 4004. What is f(46)?
-2
Let l(w) = -165*w**2 + 1663*w - 4986. Determine l(3).
-1482
Let m(r) = -104*r**2 - 2031*r - 41. Give m(-20).
-1021
Let t(i) = 148*i + 1816. Calculate t(-13).
-108
Let v(q) = -109027*q + 545108. Give v(5).
-27
Let p(f) = 164862*f - 824332. What is p(5)?
-22
Let g(i) = -165*i**2 - 5907*i + 1297. Calculate g(-36).
109
Let d(u) = u**2 + 235*u - 177891. What is d(-556)?
585
Let b(r) = 23*r**3 + 1171*r**2 - 93*r + 334. Calculate b(-51).
-125
Let o(d) = -9410*d + 1129195. Calculate o(120).
-5
Let r(q) = -170*q**3 + 79*q**2 + 70*q - 9. Determine r(-1).
170
Let i(x) = x**2 - 24*x + 22. Give i(45).
967
Let u(o) = -327*o + 2817. Determine u(9).
-126
Let x(s) = -7*s**3 - 2*s**2 + 382*s - 1479. Calculate x(4).
-431
Let v(j) = j**3 - 19*j**2 - 898*j + 18312. Calculate v(22).
8
Let i(u) = 107589*u - 1183486. Determine i(11).
-7
Let c(x) = x**3 - 41*x**2 + 3680*x - 145544. Determine c(40).
56
Let j(k) = k**3 + 13*k**2 + 677*k + 8949. Give j(-13).
148
Let m(z) = z**2 - 11698*z - 81925. Determine m(-7).
10
Let m(c) = -17*c**3 + 72*c**2 - 3*c + 14. Determine m(4).
66
Let b(k) = -2860*k + 400629. What is b(140)?
229
Let v(k) = k**2 - 13426*k + 921636. Determine v(69).
3
Let j(t) = 18*t**2 + 180*t + 73. Determine j(-14).
1081
Let s(g) = 2909*g - 17486. Determine s(6).
-32
Let o(f) = -f**3 - 208*f**2 + 206*f + 1. What is o(1)?
-2
Let t(p) = -p**3 - 160*p**2 + 974*p + 130. Give t(6).
-2
Let o(b) = -18*b**2 - 36589*b - 146073. What is o(-4)?
-5
Let r(y) = 2330*y - 16271. Give r(7).
39
Let z(u) = -1831*u**3 - 317*u**2 + 318*u - 1. Calculate z(1).
-1831
Let r(n) = -307*n + 23231. What is r(86)?
-3171
Let l(s) = s**2 - 599*s + 12073. What is l(21)?
-65
Let u(p) = 616*p + 19539. Give u(-32).
-173
Let o(m) = -1369*m**2 + 127315*m + 194. What is o(93)?
8
Let p(z) = -z**3 - 70*z**2 - 385*z + 306. Determine p(-64).
370
Let z(b) = -2684*b - 126110. Calculate z(-47).
38
Let k(y) = 2*y**3 - 123*y**2 - 2487*y - 123. Give k(-16).
-11
Let j(x) = -23*x**2 - 2046*x - 4069. Give j(-2).
-69
Let z(f) = 18*f**2 - 396*f + 33. What is z(22)?
33
Let k(p) = -1926*p + 220. Give k(0).
220
Let d(z) = z**3 - 30*z**2 + 19*z + 1064. Determine d(6).
314
Let s(j) = -30*j**3 - 187*j**2 - 2*j + 3. What is s(-5)?
-912
Let w(j) = -90537*j + 362125. Calculate w(4).
-23
Let b(h) = 5*h**3 + 74*h**2 - 7*h + 234. Give b(-15).
114
Let h(w) = -336*w + 13198. What is h(32)?
2446
Let l(v) = 17618*v + 88091. Give l(-5).
1
Let n(z) = -z**3 + 31*z**2 + 298*z + 2596. Give n(40).
116
Let q(p) = -19112*p + 343807. Determine q(18).
-209
Let x(u) = -16*u**3 - 158*u**2 + 345*u + 3373. Give x(-10).
123
Let p(q) = q**3 + 148*q**2 - 183*q + 17547. What is p(-150)?
-3
Let y(s) = -19*s**3 - 29*s**2 + 11*s - 76. Calculate y(4).
-1712
Let j(x) = 14*x**3 - 173*x**2 - 11*x - 23. Give j(12).
-875
Let a(q) = -10*q**3 - 99*q**2 - 61*q - 32. Give a(-7).
-1026
Let k(t) = 2*t**2 - 6435*t + 820474. What is k(133)?
-3
Let y(g) = -2*g**3 - 3008*g**2 + 39435*g + 95. What is y(13)?
4
Let x(f) = -10517*f - 115582. Determine x(-11).
105
Let k(m) = m**3 + 30*m**2 - 1286*m - 38910. What is k(-31)?
-5
Let o(i) = -3*i**3 - 389*i**2 + 128*i + 288. Calculate o(-130).
548
Let w(g) = -848*g**3 - 6*g**2 + 47*g - 46. What is w(1)?
-853
Let c(t) = 19006*t + 2888907. Determine c(-152).
-5
Let o(z) = 387*z - 29434. What is o(76)?
-22
Let m(g) = -112004*g + 336029. What is m(3)?
17
Let w(u) = -1430*u - 11326. Give w(-8).
114
Let q(y) = 390*y - 4769. Give q(12).
-89
Let b(i) = -527723*i - 8971292. Determine b(-17).
-1
Let h(r) = -r**3 - 22*r**2 + 85*r + 134. Calculate h(-25).
-116
Let o(x) = 2780*x - 414210. Determine o(149).
10
Let t(i) = -i**2 - 44*i - 183. Give t(-12).
201
Let z(a) = 1108*a**2 - 7689*a - 478. Determine z(7).
-9
Let r(g) = -g**3 - 32*g**2 - 55*g - 98. What is r(-31)?
646
Let a(w) = -10*w**2 - 253*w + 469. Give a(-27).
10
Let t(b) = -4*b**2 + 57*b - 378. Give t(12).
-270
Let x(b) = b**3 + 31*b**2 - 795*b - 367. Give x(17).
-10
Let c(v) = v**3 + 46*v**2 + 493*v + 321. Give c(-15).
-99
Let d(c) = -2*c**3 - 2747*c**2 + 8265*c - 17. What is d(3)?
1
Let g(a) = -37*a**3 + 1628*a**2 - 3*a - 113. What is g(44)?
-245
Let f(i) = 6*i**2 + 1066*i - 43770. What is f(-212)?
-98
Let o(g) = -18*g**3 + 559*g**2 - 50*g + 576. What is o(31)?
-13
Let v(m) = -19*m**3 + 33*m**2 + 80*m - 41. What is v(3)?
-17
Let s(b) = 2*b**3 + 118*b**2 - 636*b - 43596. Determine s(-58).
20
Let k(x) = -1009*x + 9068. Determine k(9).
-13
Let p(r) = -11*r**3 + 115*r**2 - 35*r - 133. What is p(10)?
17
Let k(i) = -3*i**3 - 548*i**2 - 3*i - 155. Give k(0).
-155
Let h(j) = 1458*j - 5878. Calculate h(4).
-46
Let g(a) = -342*a - 341331. What is g(-998)?
-15
Let v(j) = 1711*j - 35607. Give v(21).
324
Let o(z) = -3024*z - 20683. Determine o(-7).
485
Let b(s) = 218*s**2 + 10467*s + 204. Calculate b(-48).
60
Let c(l) = 7717*l - 2014174. Determine c(261).
-37
Let u(n) = 15*n**2 + 522*n + 434. Determine u(-34).
26
Let v(x) = -1045*x - 19736. Calculate v(-19).
119
Let i(d) = 2*d**3 - 164*d**2 + 319*d - 13. Determine i(80).
-93
Let a(u) = 5*u**3 - 82*u**2 + 7*u + 395. What is a(16)?
-5
Let p(y) = 332*y - 11061. Give 